tors of l(50).
2411
Suppose 427257 = 32*w - 237778 - 912533. List the prime factors of w.
3, 16433
Let g be ((-2)/(-8))/((125/40)/25). Suppose -g*y + y + 898 = 2*c, 0 = -2*y - c + 1784. What are the prime factors of y?
2, 5, 89
Let s(u) = 1722*u**2 - 16*u + 7. List the prime factors of s(2).
6863
Let m = 19459 - 11299. List the prime factors of m.
2, 3, 5, 17
Suppose 0 = -2*w - 0 + 4. Suppose 330 = 2*z - 0*z + w*l, -z + 161 = 2*l. What are the prime factors of z?
13
Suppose -19*v + 20 = -14*v. Suppose 4*x + 12 = -2*f, -4*x = -v*f + f + 22. Suppose -63 = -i - f*s, -2*i + 61 = s - 65. List the prime factors of i.
3, 7
Let n(c) = -17*c - 1. Let u be n(-3). Let r = u + 481. What are the prime factors of r?
3, 59
Let m = -124 - -120. Let o be (m/(-14))/((-3)/(63/(-3))). Suppose 2*l - 3*l = 2*c - 74, -o*c = -2. List the prime factors of l.
2, 3
Let j be (-226)/(-4)*(2 + 2). Suppose 14*i - 16*i + j = 0. What are the prime factors of i?
113
Suppose -b = -5*r - 120, -b = -2*r - 2*r - 120. Let i be ((-325)/10 - 2)*6/9*-3. Let f = b - i. List the prime factors of f.
3, 17
Suppose -2*q - 7 = -3*k - 4, -k + 9 = -2*q. Let w(h) = 6 - h**3 - h - 212*h**2 + 208*h**2 + 1. List the prime factors of w(q).
5, 17
Suppose 2*n = -4*p - 12, 0 = 6*n - 5*n - p + 3. Let v be ((-2)/(n/(-206)))/((-4)/8). Let o = -74 + v. What are the prime factors of o?
2, 3, 11
Suppose -7*n - 3850 + 18732 = 0. Suppose -409 = -y + 5*m, -27*y = -32*y - 2*m + n. List the prime factors of y.
2, 53
Suppose 0 = s + 8 - 13. Suppose -14*z + 9*z + 4065 = s*n, 5*n - 817 = -z. List the prime factors of z.
2, 7, 29
Let n(f) = -55*f**3 - 3*f**2 - 5*f - 7. Suppose -s - 3*y = y - 10, 0 = 2*y - 6. What are the prime factors of n(s)?
431
Suppose 17*z + 14072 = -20*z + 144571. List the prime factors of z.
3527
Let l(q) be the second derivative of 41*q**3/6 - 133*q**2/2 + 14*q - 2. List the prime factors of l(20).
3, 229
Let x be (-25 - 4)*(-52)/(-2). List the prime factors of (x/156)/((-1)/186).
29, 31
Let r = -27 - -36. Suppose -r*o + 25 = -4*o. List the prime factors of (500/(-15))/o*-3.
2, 5
Let l(w) = -25*w**3 - 36*w**2 + 39*w + 2. List the prime factors of l(-6).
2, 11
Suppose -63*s + 58*s + 2*n = -44741, -5*s + 44747 = n. What are the prime factors of s?
3, 19, 157
Let o(w) = w**3 + 4*w**2 + 2*w. Let f be o(-3). Suppose -f*a + 5*x - 19 = -2*a, 4*x = a + 15. Let r = a - -104. List the prime factors of r.
3, 5, 7
Suppose 0 = 2*c - 69*j + 70*j - 10387, 4*c = -3*j + 20769. What are the prime factors of c?
2, 3, 433
Let h = 3250 + -1330. Suppose -8*p - h = -13*p. List the prime factors of p.
2, 3
Let v be (2/3)/(-3 + 80/24). Suppose -182 = -2*l - t, 0 = t + v + 2. List the prime factors of l.
3, 31
Let t(y) = -499*y - 1294. What are the prime factors of t(-10)?
2, 3, 7, 11
Let z(k) = 6*k**2 - 11*k - 12. Suppose 0 = p - 4*c + 62, -3*p - 4*c - 136 = -p. Let u = p + 72. What are the prime factors of z(u)?
2, 3, 23
Suppose k - 3*h = 5755, 2*k - 10848 = 2*h + 678. What are the prime factors of k?
73, 79
Let b = -4360 - -7454. Let s = b - 2205. What are the prime factors of s?
7, 127
List the prime factors of (-4 - 76/(-18)) + (-1074326)/(-99) + -11.
37, 293
Let p be (-1)/(-5 - (-16)/326*102). Let u = p + 698. What are the prime factors of u?
5, 107
Suppose 7*s - 57454 = 39036 + 5241. What are the prime factors of s?
14533
Let w be 0 + 3/(-2)*-2 - -5. Let v(j) = j**2 - 11*j + 5. Let u be v(w). What are the prime factors of u/(-3)*(14 + 0 + -2)?
2, 19
Suppose 48*q + 117194 = 244896 + 167546. What are the prime factors of q?
6151
Let j = 113 - -58. Suppose 0*t + 551 = -19*t. Let o = j - t. List the prime factors of o.
2, 5
What are the prime factors of 33*(-1 + 4)*5868/54?
2, 3, 11, 163
Suppose 25*a + 30*a + 12*a = 2233847. List the prime factors of a.
7, 11, 433
Let i(p) = -7*p + 37. Let w be i(-25). Let h = 640 - w. List the prime factors of h.
2, 107
Let d be -1 + -8 + (9/3)/(-3). What are the prime factors of 5/d*-304 + 1 + 1?
2, 7, 11
List the prime factors of -5 - (119405/(-5) + -2).
2, 11939
Let m(z) = -6*z + 19. Let w be m(-15). Let h = 192 - w. Suppose u = 2*u - h. What are the prime factors of u?
83
Let s(n) = -109*n**2 + n**3 - 3*n + 90*n**2 + 3 - 11. What are the prime factors of s(21)?
811
Let j be (1/(2 - 0))/((-4)/128). Let d be (-8)/j*(411 - -1). Let r = d + -127. What are the prime factors of r?
79
Let j be 2/((1 - 1) + 1). Suppose -2*m - 24 = -j*b - 0*m, -2*m = 2*b - 40. Suppose 0 = -3*y + y + b. What are the prime factors of y?
2
What are the prime factors of 527200/128 + ((-3)/15 - 9/(-20))?
3, 1373
Suppose 128*n + 6*n = 93398. What are the prime factors of n?
17, 41
Suppose 17 = 4*c + 1, 5*n = c + 254916. List the prime factors of n.
2, 6373
Let o be (4 - -4) + (1 - 4). Suppose -3*n - 4203 = -3*p, -p = -4*p - o*n + 4187. What are the prime factors of p?
1399
Let d(b) = 1462*b - 943. List the prime factors of d(12).
13, 1277
Let b be 4 + (5 + (4 - 598))/1. Let g = -335 - b. What are the prime factors of g?
2, 5
Let h = -21 - -16. Let t(f) = -125*f + 26. What are the prime factors of t(h)?
3, 7, 31
Let g(z) = -2*z**2 - 35*z + 6. Let r be g(-18). Let s(w) = -56*w - 30. List the prime factors of s(r).
2, 3, 107
Let x(n) = 3687*n**3 - 5*n**2 - 12*n + 34. What are the prime factors of x(2)?
2, 23, 641
Let i = 201 + -142. Suppose -215 = -5*q + 5*d, 3*q + d + d = 104. Let k = q + i. List the prime factors of k.
97
Suppose 21*h = 11*h + 30. Suppose 346 = h*s - 434. What are the prime factors of s?
2, 5, 13
Let u = 161 + -145. Suppose u*n = -13*n + 6148. List the prime factors of n.
2, 53
Suppose 180 - 230 = -2*s. Let i(a) = 2*a**2 - 38*a + 55. What are the prime factors of i(s)?
5, 71
Let s(y) = 172*y**3 + 52*y - 154. List the prime factors of s(4).
2, 5531
Let c(d) = 9*d**2 - 2*d + 27. Let v(f) = f**2 + 8*f + 11. Let j be v(-7). List the prime factors of c(j).
163
Let g = 2251 - 1566. Suppose a - g = -x, -64*a = 5*x - 66*a - 3432. List the prime factors of x.
2, 7
Let p(i) = 15*i**2 - 11*i + 22. Let v be 1/(-4) - ((-13)/4 - -1). Let q be (v*1 + 1)*(-1 - -2). List the prime factors of p(q).
2, 31
Let z(o) = o**2 + 9*o - 9. Let p be z(-10). Let y be p/((-1055)/264 - -4). Suppose -5*h = -3*j - y, 2*h - h + 4*j = 62. List the prime factors of h.
2, 3
Let o(b) = 45*b + 4. Let y(w) = -15*w - 1. Let x(p) = -2*o(p) - 7*y(p). Let q be x(-1). List the prime factors of (q + 1)*(-24)/10.
2, 3
Let t be (-1)/(-3 - (-475)/160). Let f(p) = t*p - 19 - p**2 - 8*p + 0. What are the prime factors of f(19)?
2, 19
Suppose -o = 5*w - 14995, -3*o + 9009 = -31*w + 34*w. What are the prime factors of w?
2, 1499
Suppose 2*y = -2*y + 372. Suppose -14013*f + 14026*f + 169 = 0. Let o = f + y. List the prime factors of o.
2, 5
Let l(r) = r**3 - 15*r**2 - 3*r + 177. Let t be l(4). Let h(k) be the first derivative of k**3/3 + 5*k**2 - 9*k - 1. What are the prime factors of h(t)?
2
Suppose -20*o + 9921 + 3279 = 0. Suppose -5*r + r + 4*y = -o, 20 = -5*y. What are the prime factors of r?
7, 23
Suppose 0 = 12*q - 8 - 52. Suppose -341 = -b + 5*c + 172, -c = q*b - 2643. List the prime factors of b.
2, 3, 11
Let t(y) = 38 + 12*y - 33 - 29. List the prime factors of t(12).
2, 3, 5
Let q = -767 + -4. Let o = 1328 + q. Suppose -p + 4*h + 123 = 0, 4*h = 4*p + h - o. List the prime factors of p.
11, 13
Let g(d) = -27*d + 12. Let t be g(-2). Suppose 32*k + 505 = 37*k. Suppose t = 2*l + a + a, 5*a = 2*l - k. List the prime factors of l.
2, 19
Suppose 2*v - 2334 = -0*v. Let g = 70 + v. List the prime factors of g.
1237
Suppose k - 4*q - 6979 = 0, -15*k - 4*q = -17*k + 13950. List the prime factors of k.
6971
Suppose 4*n - 85 = -4*p + 19, 4*p - 64 = 4*n. Suppose p*k - 2439 = 12*k. What are the prime factors of k?
271
Let i = -31 + 15. Let l be (-2)/3 + i/(-24). Suppose -5*t + 259 = -l*t - 4*p, -3*t - 2*p + 151 = 0. What are the prime factors of t?
3, 17
Suppose 4 = -2*z, -4*k - 8*z - 10 = -3*z. Suppose k*d + 12 = 4*d - 3*j, -d - j + 10 = 0. Suppose d = 4*c - 434. What are the prime factors of c?
2, 5, 11
Let d = 94 + 1103. Suppose 950 = -4*k - 0*v - 3*v, -5*k + v = d. Let r = -139 - k. List the prime factors of r.
2, 5
Suppose -2*l - 4 = -b - 3, -l + 3 = 3*b. Suppose 4*x + l*x = -x. Suppose 5*m - 77 + 57 = x. What are the prime factors of m?
2